{"id":41,"date":"2017-03-29T14:34:28","date_gmt":"2017-03-29T12:34:28","guid":{"rendered":"https:\/\/www.terminsvertreter.com\/ratgeber\/?page_id=41"},"modified":"2025-04-10T10:22:05","modified_gmt":"2025-04-10T08:22:05","slug":"terminsgebuehr","status":"publish","type":"page","link":"https:\/\/www.terminsvertreter.com\/ratgeber\/terminsgebuehr\/","title":{"rendered":"Terminsgeb\u00fchr: Wof\u00fcr f\u00e4llt sie an?"},"content":{"rendered":"<p>Ein Rechtsstreit kann eine unangenehme und oftmals auch belastende Angelegenheit werden. Wer sich hierbei <strong>Unterst\u00fctzung<\/strong> durch einen Anwalt holt, muss ferner bestimmte Kosten einkalkulieren. Denn umsonst ist ja bekannterma\u00dfen nichts im Leben. Im Zusammenhang mit <strong>Anwaltskosten <\/strong>f\u00e4llt immer wieder der <strong>Begriff der &#8222;Terminsgeb\u00fchr&#8220;<\/strong>. Doch was ist hierunter genau zu verstehen? Wie hoch ist die Geb\u00fchr und wo findet sie ihre <strong>gesetzliche Grundlage<\/strong>? Lesen Sie im Folgenden mehr dazu!<br \/>\n<figure id=\"attachment_48\" aria-describedby=\"caption-attachment-48\" style=\"width: 1688px\" class=\"wp-caption aligncenter\"><img decoding=\"async\" src=\"https:\/\/www.terminsvertreter.com\/ratgeber\/wp-content\/uploads\/terminsgebuehr.jpg\" alt=\"Was ist eine Terminsgeb\u00fchr?\" width=\"1688\" height=\"739\" class=\"size-full wp-image-48\" srcset=\"https:\/\/www.terminsvertreter.com\/ratgeber\/wp-content\/uploads\/terminsgebuehr.jpg 1688w, https:\/\/www.terminsvertreter.com\/ratgeber\/wp-content\/uploads\/terminsgebuehr-300x131.jpg 300w, https:\/\/www.terminsvertreter.com\/ratgeber\/wp-content\/uploads\/terminsgebuehr-768x336.jpg 768w, https:\/\/www.terminsvertreter.com\/ratgeber\/wp-content\/uploads\/terminsgebuehr-1024x448.jpg 1024w\" sizes=\"(max-width: 1688px) 100vw, 1688px\" \/><figcaption id=\"caption-attachment-48\" class=\"wp-caption-text\">Was ist eine Terminsgeb\u00fchr?<\/figcaption><\/figure><\/p>\n<div id=\"ez-toc-container\" class=\"ez-toc-v2_0_83 counter-hierarchy ez-toc-counter ez-toc-custom ez-toc-container-direction\">\n<div class=\"ez-toc-title-container\"><p class=\"ez-toc-title\" style=\"cursor:inherit\">Inhaltsverzeichnis<\/p>\n<\/div><nav><ul class='ez-toc-list ez-toc-list-level-1 ' ><li class='ez-toc-page-1 ez-toc-heading-level-2'><a class=\"ez-toc-link ez-toc-heading-1\" href=\"https:\/\/www.terminsvertreter.com\/ratgeber\/terminsgebuehr\/#Der_Begriff_der_%E2%80%9ETerminsgebuehr%E2%80%9C\" >Der Begriff der &#8222;Terminsgeb\u00fchr&#8220;<\/a><\/li><li class='ez-toc-page-1 ez-toc-heading-level-2'><a class=\"ez-toc-link ez-toc-heading-2\" href=\"https:\/\/www.terminsvertreter.com\/ratgeber\/terminsgebuehr\/#Wie_hoch_ist_die_Terminsgebuehr\" >Wie hoch ist die Terminsgeb\u00fchr?<\/a><ul class='ez-toc-list-level-3' ><li class='ez-toc-heading-level-3'><a class=\"ez-toc-link ez-toc-heading-3\" href=\"https:\/\/www.terminsvertreter.com\/ratgeber\/terminsgebuehr\/#Terminsgebuehr_bei_Versaeumnisurteil\" >Terminsgeb\u00fchr bei  Vers\u00e4umnisurteil<\/a><\/li><li class='ez-toc-page-1 ez-toc-heading-level-3'><a class=\"ez-toc-link ez-toc-heading-4\" href=\"https:\/\/www.terminsvertreter.com\/ratgeber\/terminsgebuehr\/#Faellt_die_Terminsgebuehr_bei_einer_Berufung_an\" >F\u00e4llt die Terminsgeb\u00fchr bei einer Berufung an?<\/a><\/li><\/ul><\/li><\/ul><\/nav><\/div>\n<h2><span class=\"ez-toc-section\" id=\"Der_Begriff_der_%E2%80%9ETerminsgebuehr%E2%80%9C\"><\/span>Der Begriff der &#8222;Terminsgeb\u00fchr&#8220;<span class=\"ez-toc-section-end\"><\/span><\/h2>\n<p>Der Begriff &#8222;Terminsgeb\u00fchr&#8220; stammt aus dem <strong>Gesetz \u00fcber die Verg\u00fctung der Rechtsanw\u00e4ltinnen und Rechtsanw\u00e4lte<\/strong> (kurz: <strong>Rechtsanwaltsverg\u00fctungsgesetz<\/strong> bzw. <strong>RVG<\/strong>). Die Terminsgeb\u00fchr nach dem RVG entsteht in den meisten <strong>gerichtlichen Verfahren<\/strong>. <\/p>\n<p>Gem\u00e4\u00df Vorbemerkung 3 Absatz 3 zum <strong>Verg\u00fctungsverzeichnis des RVG<\/strong> (kurz: <strong>VV RVG<\/strong>) entsteht eine Terminsgeb\u00fchr zum einen f\u00fcr die Wahrnehmung gerichtlicher Termine durch Sie als Anwalt. Zum anderen f\u00e4llt aber auch eine <strong>au\u00dfergerichtliche Terminsgeb\u00fchr<\/strong> an, sofern diesbez\u00fcglich gesetzlich nichts anderes bestimmt ist.<\/p>\n<p>Die Terminsgeb\u00fchr f\u00fcr au\u00dfergerichtlich stattfindende Termine f\u00e4llt ausdr\u00fccklich an im Falle der <strong>Wahrnehmung<\/strong> eines von einem <strong>gerichtlich bestellten Sachverst\u00e4ndigen<\/strong> anberaumten Termins an. Zumdem entsteht sie bei der <strong>Mitwirkung an Besprechungen<\/strong>, welche eine Erledigung des Verfahrens bezwecken sollen. Allerdings gilt letzteres nicht f\u00fcr Besprechungen mit Ihrem Mandanten.<\/p>\n<div class=\"infobox\">Sofern es in einem <strong>gerichtlichen Termin<\/strong> indes nur um die <strong>Verk\u00fcndung einer Entscheidung<\/strong> geht, f\u00e4llt die Terminsgeb\u00fchr nicht an.<\/div>\n<h2><span class=\"ez-toc-section\" id=\"Wie_hoch_ist_die_Terminsgebuehr\"><\/span>Wie hoch ist die Terminsgeb\u00fchr?<span class=\"ez-toc-section-end\"><\/span><\/h2>\n<p>Gem\u00e4\u00df der Nummer 3104 VV RVG f\u00e4llt grunds\u00e4tzlich eine <strong>1,2-fache Terminsgeb\u00fchr<\/strong> an. Was dies bedeutet, verr\u00e4t wiederrum ein Blick in die <strong>Geb\u00fchrentabelle zum RVG<\/strong>. In dieser ist festgelegt, f\u00fcr welchen <strong>Gegenstandswert welche Geb\u00fchr<\/strong> einschl\u00e4gig ist. <\/p>\n<h3><span class=\"ez-toc-section\" id=\"Terminsgebuehr_bei_Versaeumnisurteil\"><\/span>Terminsgeb\u00fchr bei  Vers\u00e4umnisurteil<span class=\"ez-toc-section-end\"><\/span><\/h3>\n<p><figure id=\"attachment_110\" aria-describedby=\"caption-attachment-110\" style=\"width: 300px\" class=\"wp-caption alignleft\"><img decoding=\"async\" src=\"https:\/\/www.terminsvertreter.com\/ratgeber\/wp-content\/uploads\/terminsgebuehr-versaeumnisurteil-300x200.jpg\" alt=\"Terminsgeb\u00fchr: Auch beim Vers\u00e4umnisurteil f\u00e4llt sie an.\" width=\"300\" height=\"200\" class=\"size-medium wp-image-110\" srcset=\"https:\/\/www.terminsvertreter.com\/ratgeber\/wp-content\/uploads\/terminsgebuehr-versaeumnisurteil-300x200.jpg 300w, https:\/\/www.terminsvertreter.com\/ratgeber\/wp-content\/uploads\/terminsgebuehr-versaeumnisurteil.jpg 414w\" sizes=\"(max-width: 300px) 100vw, 300px\" \/><figcaption id=\"caption-attachment-110\" class=\"wp-caption-text\">Terminsgeb\u00fchr: Auch beim Vers\u00e4umnisurteil f\u00e4llt sie an.<\/figcaption><\/figure>In bestimmten F\u00e4llen kann sich die <strong>Terminsgeb\u00fchr auch reduzieren<\/strong>. Dies ist namentlich der Fall bei einem sogenannten <strong>Vers\u00e4umnisurteil<\/strong>. <\/p>\n<p>In diesem Fall erscheint beispielsweise Ihr Vertreter ordnungsgem\u00e4\u00df zum anberaumten Gerichtstermin, jedoch ist die <strong>gegnerische Partei s\u00e4umig<\/strong> bzw. wird nicht ordnungsgem\u00e4\u00df <strong>anwaltlich vertreten<\/strong>. Hierbei reduziert sich die Terminsgeb\u00fchr auf eine halbe Geb\u00fchr, was sich aus Nr. 3105 VV RVG ergibt. <\/p>\n<p>Voraussetzung f\u00fcr die <strong>Reduzierung der Terminsgeb\u00fchr<\/strong> ist indes ein entsprechender Antrag auf Erlass eines Vers\u00e4umnisurteils. Sofern Sie als anwesender Anwalt aber im Rahmen des Termins mehr tun, als blo\u00df besagten Antrag zu stellen, Sie also beispielsweise mit dem Gericht die <strong>Zul\u00e4ssigkeit und Schl\u00fcssigkeit der Klage<\/strong> er\u00f6rtert, behalten Sie den Anspruch auf die volle 1,2-Terminsgeb\u00fchr.<\/p>\n<h3><span class=\"ez-toc-section\" id=\"Faellt_die_Terminsgebuehr_bei_einer_Berufung_an\"><\/span>F\u00e4llt die Terminsgeb\u00fchr bei einer Berufung an?<span class=\"ez-toc-section-end\"><\/span><\/h3>\n<p>Das <strong>Verfahren zur Berufung<\/strong>stellt einen eigenen geb\u00fchrenrechtlichen Rechtszug dar. Hier kann f\u00fcr Sie ebenfalls eine Terminsgeb\u00fchr anfallen. Dies ist namentlich dann der Fall, wenn im Berufungsverfahren eine <strong>m\u00fcndliche Verhandlung<\/strong> stattfindet. <\/p>\n<div class=\"infobox\">Gem\u00e4\u00df Nr. 3202 VV RVG f\u00e4llt hier eine <strong>1,2-Terminsgeb\u00fchr<\/strong> aus dem Wert der im Berufungsverfahren <strong>anh\u00e4ngigen Anspr\u00fcche<\/strong> an.<\/div>\n<p><em><strong>Bildnachweise<\/strong>: istockphoto.com\/Marilyn Nieves, fotolia.com\/aerogondo<\/em><\/p>\n<div class=\"l1-authorbox\"><h3 class=\"l1-authorbox-intro\">\u00dcber den Autor<\/h3><div class=\"l1-authorbox-inner\"><div class=\"l1-authorbox-avatar\"><img alt='Dr. Philipp Hammerich' src='https:\/\/www.terminsvertreter.com\/ratgeber\/wp-content\/uploads\/philipp-hammerich-ra-150x150.png' srcset='https:\/\/www.terminsvertreter.com\/ratgeber\/wp-content\/uploads\/philipp-hammerich-ra-300x300.png 2x' class='avatar avatar-150 photo' height='150' width='150' \/><\/div><div class=\"l1-authorbox-personal-info\"><a href=\"https:\/\/www.terminsvertreter.com\/ratgeber\/author\/phammerich\/\" class=\"l1-authorbox-name\">Dr. Philipp Hammerich<\/a><p class=\"l1-authorbox-description\">Dr. Philipp Hammerich beendete sein Jura-Studium in Hamburg und promovierte im Anschluss bei Prof. Dr. Hoffmann-Riem, der zu jener Zeit Richter am Bundesverfassungsgericht war. Das Referendariat absolvierte Dr. Philipp Hammerich am OLG Hamburg. Seit 2007 ist er in Deutschland als Rechtsanwalt zugelassen.<\/p><\/div><\/div><\/div>","protected":false},"excerpt":{"rendered":"<p>Ein Rechtsstreit kann eine unangenehme und oftmals auch belastende Angelegenheit werden. Wer sich hierbei Unterst\u00fctzung durch einen Anwalt holt, muss ferner bestimmte Kosten einkalkulieren. Denn umsonst ist ja bekannterma\u00dfen nichts im Leben. Im Zusammenhang mit Anwaltskosten f\u00e4llt immer wieder der Begriff der &#8222;Terminsgeb\u00fchr&#8220;. Doch was ist hierunter genau zu verstehen? Wie hoch ist die Geb\u00fchr und wo findet sie ihre gesetzliche Grundlage? Lesen Sie im Folgenden mehr dazu! Der Begriff<\/p>\n<a href=\"https:\/\/www.terminsvertreter.com\/ratgeber\/terminsgebuehr\/\"> <div class=\"readmorelink\"><div class=\"rmtext\">[ Weiterlesen... ]<\/div><\/div><\/a>","protected":false},"author":23,"featured_media":48,"parent":0,"menu_order":0,"comment_status":"open","ping_status":"closed","template":"","meta":{"_acf_changed":false,"_relevanssi_hide_post":"","_relevanssi_hide_content":"","_relevanssi_pin_for_all":"","_relevanssi_pin_keywords":"","_relevanssi_unpin_keywords":"","_relevanssi_related_keywords":"","_relevanssi_related_include_ids":"","_relevanssi_related_exclude_ids":"","_relevanssi_related_no_append":"","_relevanssi_related_not_related":"","_relevanssi_related_posts":"","_relevanssi_noindex_reason":"","_genesis_hide_title":false,"_genesis_hide_breadcrumbs":false,"_genesis_hide_singular_image":false,"_genesis_hide_footer_widgets":false,"_genesis_custom_body_class":"","_genesis_custom_post_class":"","_genesis_layout":"","footnotes":""},"class_list":{"0":"post-41","1":"page","2":"type-page","3":"status-publish","4":"has-post-thumbnail","6":"entry"},"acf":[],"yoast_head":"<!-- This site is optimized with the Yoast SEO plugin v27.6 - https:\/\/yoast.com\/product\/yoast-seo-wordpress\/ -->\n<title>Terminsgeb\u00fchr: Wof\u00fcr f\u00e4llt sie an? - Terminsvertreter-Blog<\/title>\n<meta name=\"robots\" content=\"index, follow, max-snippet:-1, max-image-preview:large, max-video-preview:-1\" \/>\n<link rel=\"canonical\" href=\"https:\/\/www.terminsvertreter.com\/ratgeber\/terminsgebuehr\/\" \/>\n<meta property=\"og:locale\" content=\"de_DE\" \/>\n<meta property=\"og:type\" content=\"article\" \/>\n<meta property=\"og:title\" content=\"Terminsgeb\u00fchr: Wof\u00fcr f\u00e4llt sie an? - Terminsvertreter-Blog\" \/>\n<meta property=\"og:description\" content=\"Ein Rechtsstreit kann eine unangenehme und oftmals auch belastende Angelegenheit werden. Wer sich hierbei Unterst\u00fctzung durch einen Anwalt holt, muss ferner bestimmte Kosten einkalkulieren. Denn umsonst ist ja bekannterma\u00dfen nichts im Leben. Im Zusammenhang mit Anwaltskosten f\u00e4llt immer wieder der Begriff der &#8222;Terminsgeb\u00fchr&#8220;. Doch was ist hierunter genau zu verstehen? Wie hoch ist die Geb\u00fchr und wo findet sie ihre gesetzliche Grundlage? Lesen Sie im Folgenden mehr dazu! Der Begriff\" \/>\n<meta property=\"og:url\" content=\"https:\/\/www.terminsvertreter.com\/ratgeber\/terminsgebuehr\/\" \/>\n<meta property=\"og:site_name\" content=\"Terminsvertreter-Blog\" \/>\n<meta property=\"article:publisher\" content=\"https:\/\/www.facebook.com\/people\/Terminsvertreter\/100079926887729\/\" \/>\n<meta property=\"article:modified_time\" content=\"2025-04-10T08:22:05+00:00\" \/>\n<meta property=\"og:image\" content=\"https:\/\/www.terminsvertreter.com\/ratgeber\/wp-content\/uploads\/terminsgebuehr.jpg\" \/>\n\t<meta property=\"og:image:width\" content=\"1688\" \/>\n\t<meta property=\"og:image:height\" content=\"739\" \/>\n\t<meta property=\"og:image:type\" content=\"image\/jpeg\" \/>\n<meta name=\"twitter:card\" content=\"summary_large_image\" \/>\n<meta name=\"twitter:site\" content=\"@terminvertreter\" \/>\n<meta name=\"twitter:label1\" content=\"Gesch\u00e4tzte Lesezeit\" \/>\n\t<meta name=\"twitter:data1\" content=\"3\u00a0Minuten\" \/>\n<script type=\"application\/ld+json\" class=\"yoast-schema-graph\">{\"@context\":\"https:\\\/\\\/schema.org\",\"@graph\":[{\"@type\":\"Article\",\"@id\":\"https:\\\/\\\/www.terminsvertreter.com\\\/ratgeber\\\/terminsgebuehr\\\/#article\",\"isPartOf\":{\"@id\":\"https:\\\/\\\/www.terminsvertreter.com\\\/ratgeber\\\/terminsgebuehr\\\/\"},\"author\":{\"name\":\"Dr. Philipp Hammerich\",\"@id\":\"https:\\\/\\\/www.terminsvertreter.com\\\/ratgeber\\\/#\\\/schema\\\/person\\\/2f5fb45af0c226c494243a02534434d6\"},\"headline\":\"Terminsgeb\u00fchr: Wof\u00fcr f\u00e4llt sie an?\",\"datePublished\":\"2017-03-29T12:34:28+00:00\",\"dateModified\":\"2025-04-10T08:22:05+00:00\",\"mainEntityOfPage\":{\"@id\":\"https:\\\/\\\/www.terminsvertreter.com\\\/ratgeber\\\/terminsgebuehr\\\/\"},\"wordCount\":521,\"commentCount\":0,\"publisher\":{\"@id\":\"https:\\\/\\\/www.terminsvertreter.com\\\/ratgeber\\\/#organization\"},\"image\":{\"@id\":\"https:\\\/\\\/www.terminsvertreter.com\\\/ratgeber\\\/terminsgebuehr\\\/#primaryimage\"},\"thumbnailUrl\":\"https:\\\/\\\/www.terminsvertreter.com\\\/ratgeber\\\/wp-content\\\/uploads\\\/terminsgebuehr.jpg\",\"inLanguage\":\"de\",\"potentialAction\":[{\"@type\":\"CommentAction\",\"name\":\"Comment\",\"target\":[\"https:\\\/\\\/www.terminsvertreter.com\\\/ratgeber\\\/terminsgebuehr\\\/#respond\"]}]},{\"@type\":\"WebPage\",\"@id\":\"https:\\\/\\\/www.terminsvertreter.com\\\/ratgeber\\\/terminsgebuehr\\\/\",\"url\":\"https:\\\/\\\/www.terminsvertreter.com\\\/ratgeber\\\/terminsgebuehr\\\/\",\"name\":\"Terminsgeb\u00fchr: Wof\u00fcr f\u00e4llt sie an? - Terminsvertreter-Blog\",\"isPartOf\":{\"@id\":\"https:\\\/\\\/www.terminsvertreter.com\\\/ratgeber\\\/#website\"},\"primaryImageOfPage\":{\"@id\":\"https:\\\/\\\/www.terminsvertreter.com\\\/ratgeber\\\/terminsgebuehr\\\/#primaryimage\"},\"image\":{\"@id\":\"https:\\\/\\\/www.terminsvertreter.com\\\/ratgeber\\\/terminsgebuehr\\\/#primaryimage\"},\"thumbnailUrl\":\"https:\\\/\\\/www.terminsvertreter.com\\\/ratgeber\\\/wp-content\\\/uploads\\\/terminsgebuehr.jpg\",\"datePublished\":\"2017-03-29T12:34:28+00:00\",\"dateModified\":\"2025-04-10T08:22:05+00:00\",\"breadcrumb\":{\"@id\":\"https:\\\/\\\/www.terminsvertreter.com\\\/ratgeber\\\/terminsgebuehr\\\/#breadcrumb\"},\"inLanguage\":\"de\",\"potentialAction\":[{\"@type\":\"ReadAction\",\"target\":[\"https:\\\/\\\/www.terminsvertreter.com\\\/ratgeber\\\/terminsgebuehr\\\/\"]}]},{\"@type\":\"ImageObject\",\"inLanguage\":\"de\",\"@id\":\"https:\\\/\\\/www.terminsvertreter.com\\\/ratgeber\\\/terminsgebuehr\\\/#primaryimage\",\"url\":\"https:\\\/\\\/www.terminsvertreter.com\\\/ratgeber\\\/wp-content\\\/uploads\\\/terminsgebuehr.jpg\",\"contentUrl\":\"https:\\\/\\\/www.terminsvertreter.com\\\/ratgeber\\\/wp-content\\\/uploads\\\/terminsgebuehr.jpg\",\"width\":1688,\"height\":739,\"caption\":\"Was ist eine Terminsgeb\u00fchr?\"},{\"@type\":\"BreadcrumbList\",\"@id\":\"https:\\\/\\\/www.terminsvertreter.com\\\/ratgeber\\\/terminsgebuehr\\\/#breadcrumb\",\"itemListElement\":[{\"@type\":\"ListItem\",\"position\":1,\"name\":\"Home\",\"item\":\"https:\\\/\\\/www.terminsvertreter.com\\\/ratgeber\\\/\"},{\"@type\":\"ListItem\",\"position\":2,\"name\":\"Terminsgeb\u00fchr: Wof\u00fcr f\u00e4llt sie an?\"}]},{\"@type\":\"WebSite\",\"@id\":\"https:\\\/\\\/www.terminsvertreter.com\\\/ratgeber\\\/#website\",\"url\":\"https:\\\/\\\/www.terminsvertreter.com\\\/ratgeber\\\/\",\"name\":\"Terminsvertreter-Blog\",\"description\":\"News und Ratgeber\",\"publisher\":{\"@id\":\"https:\\\/\\\/www.terminsvertreter.com\\\/ratgeber\\\/#organization\"},\"potentialAction\":[{\"@type\":\"SearchAction\",\"target\":{\"@type\":\"EntryPoint\",\"urlTemplate\":\"https:\\\/\\\/www.terminsvertreter.com\\\/ratgeber\\\/?s={search_term_string}\"},\"query-input\":{\"@type\":\"PropertyValueSpecification\",\"valueRequired\":true,\"valueName\":\"search_term_string\"}}],\"inLanguage\":\"de\"},{\"@type\":\"Organization\",\"@id\":\"https:\\\/\\\/www.terminsvertreter.com\\\/ratgeber\\\/#organization\",\"name\":\"Terminsvertreter-Blog\",\"url\":\"https:\\\/\\\/www.terminsvertreter.com\\\/ratgeber\\\/\",\"logo\":{\"@type\":\"ImageObject\",\"inLanguage\":\"de\",\"@id\":\"https:\\\/\\\/www.terminsvertreter.com\\\/ratgeber\\\/#\\\/schema\\\/logo\\\/image\\\/\",\"url\":\"https:\\\/\\\/www.terminsvertreter.com\\\/ratgeber\\\/wp-content\\\/uploads\\\/terminsvertreter-logo.webp\",\"contentUrl\":\"https:\\\/\\\/www.terminsvertreter.com\\\/ratgeber\\\/wp-content\\\/uploads\\\/terminsvertreter-logo.webp\",\"width\":400,\"height\":64,\"caption\":\"Terminsvertreter-Blog\"},\"image\":{\"@id\":\"https:\\\/\\\/www.terminsvertreter.com\\\/ratgeber\\\/#\\\/schema\\\/logo\\\/image\\\/\"},\"sameAs\":[\"https:\\\/\\\/www.facebook.com\\\/people\\\/Terminsvertreter\\\/100079926887729\\\/\",\"https:\\\/\\\/x.com\\\/terminvertreter\"]},{\"@type\":\"Person\",\"@id\":\"https:\\\/\\\/www.terminsvertreter.com\\\/ratgeber\\\/#\\\/schema\\\/person\\\/2f5fb45af0c226c494243a02534434d6\",\"name\":\"Dr. Philipp Hammerich\",\"image\":{\"@type\":\"ImageObject\",\"inLanguage\":\"de\",\"@id\":\"https:\\\/\\\/www.terminsvertreter.com\\\/ratgeber\\\/wp-content\\\/uploads\\\/philipp-hammerich-ra-96x96.png\",\"url\":\"https:\\\/\\\/www.terminsvertreter.com\\\/ratgeber\\\/wp-content\\\/uploads\\\/philipp-hammerich-ra-96x96.png\",\"contentUrl\":\"https:\\\/\\\/www.terminsvertreter.com\\\/ratgeber\\\/wp-content\\\/uploads\\\/philipp-hammerich-ra-96x96.png\",\"caption\":\"Dr. Philipp Hammerich\"},\"description\":\"Dr. Philipp Hammerich beendete sein Jura-Studium in Hamburg und promovierte im Anschluss bei Prof. Dr. Hoffmann-Riem, der zu jener Zeit Richter am Bundesverfassungsgericht war. Das Referendariat absolvierte Dr. Philipp Hammerich am OLG Hamburg. Seit 2007 ist er in Deutschland als Rechtsanwalt zugelassen.\",\"sameAs\":[\"https:\\\/\\\/x.com\\\/gitte.hartung@legal.one\"],\"url\":\"https:\\\/\\\/www.terminsvertreter.com\\\/ratgeber\\\/author\\\/phammerich\\\/\"}]}<\/script>\n<!-- \/ Yoast SEO plugin. -->","yoast_head_json":{"title":"Terminsgeb\u00fchr: Wof\u00fcr f\u00e4llt sie an? - Terminsvertreter-Blog","robots":{"index":"index","follow":"follow","max-snippet":"max-snippet:-1","max-image-preview":"max-image-preview:large","max-video-preview":"max-video-preview:-1"},"canonical":"https:\/\/www.terminsvertreter.com\/ratgeber\/terminsgebuehr\/","og_locale":"de_DE","og_type":"article","og_title":"Terminsgeb\u00fchr: Wof\u00fcr f\u00e4llt sie an? - Terminsvertreter-Blog","og_description":"Ein Rechtsstreit kann eine unangenehme und oftmals auch belastende Angelegenheit werden. Wer sich hierbei Unterst\u00fctzung durch einen Anwalt holt, muss ferner bestimmte Kosten einkalkulieren. Denn umsonst ist ja bekannterma\u00dfen nichts im Leben. Im Zusammenhang mit Anwaltskosten f\u00e4llt immer wieder der Begriff der &#8222;Terminsgeb\u00fchr&#8220;. Doch was ist hierunter genau zu verstehen? Wie hoch ist die Geb\u00fchr und wo findet sie ihre gesetzliche Grundlage? Lesen Sie im Folgenden mehr dazu! Der Begriff","og_url":"https:\/\/www.terminsvertreter.com\/ratgeber\/terminsgebuehr\/","og_site_name":"Terminsvertreter-Blog","article_publisher":"https:\/\/www.facebook.com\/people\/Terminsvertreter\/100079926887729\/","article_modified_time":"2025-04-10T08:22:05+00:00","og_image":[{"width":1688,"height":739,"url":"https:\/\/www.terminsvertreter.com\/ratgeber\/wp-content\/uploads\/terminsgebuehr.jpg","type":"image\/jpeg"}],"twitter_card":"summary_large_image","twitter_site":"@terminvertreter","twitter_misc":{"Gesch\u00e4tzte Lesezeit":"3\u00a0Minuten"},"schema":{"@context":"https:\/\/schema.org","@graph":[{"@type":"Article","@id":"https:\/\/www.terminsvertreter.com\/ratgeber\/terminsgebuehr\/#article","isPartOf":{"@id":"https:\/\/www.terminsvertreter.com\/ratgeber\/terminsgebuehr\/"},"author":{"name":"Dr. Philipp Hammerich","@id":"https:\/\/www.terminsvertreter.com\/ratgeber\/#\/schema\/person\/2f5fb45af0c226c494243a02534434d6"},"headline":"Terminsgeb\u00fchr: Wof\u00fcr f\u00e4llt sie an?","datePublished":"2017-03-29T12:34:28+00:00","dateModified":"2025-04-10T08:22:05+00:00","mainEntityOfPage":{"@id":"https:\/\/www.terminsvertreter.com\/ratgeber\/terminsgebuehr\/"},"wordCount":521,"commentCount":0,"publisher":{"@id":"https:\/\/www.terminsvertreter.com\/ratgeber\/#organization"},"image":{"@id":"https:\/\/www.terminsvertreter.com\/ratgeber\/terminsgebuehr\/#primaryimage"},"thumbnailUrl":"https:\/\/www.terminsvertreter.com\/ratgeber\/wp-content\/uploads\/terminsgebuehr.jpg","inLanguage":"de","potentialAction":[{"@type":"CommentAction","name":"Comment","target":["https:\/\/www.terminsvertreter.com\/ratgeber\/terminsgebuehr\/#respond"]}]},{"@type":"WebPage","@id":"https:\/\/www.terminsvertreter.com\/ratgeber\/terminsgebuehr\/","url":"https:\/\/www.terminsvertreter.com\/ratgeber\/terminsgebuehr\/","name":"Terminsgeb\u00fchr: Wof\u00fcr f\u00e4llt sie an? - Terminsvertreter-Blog","isPartOf":{"@id":"https:\/\/www.terminsvertreter.com\/ratgeber\/#website"},"primaryImageOfPage":{"@id":"https:\/\/www.terminsvertreter.com\/ratgeber\/terminsgebuehr\/#primaryimage"},"image":{"@id":"https:\/\/www.terminsvertreter.com\/ratgeber\/terminsgebuehr\/#primaryimage"},"thumbnailUrl":"https:\/\/www.terminsvertreter.com\/ratgeber\/wp-content\/uploads\/terminsgebuehr.jpg","datePublished":"2017-03-29T12:34:28+00:00","dateModified":"2025-04-10T08:22:05+00:00","breadcrumb":{"@id":"https:\/\/www.terminsvertreter.com\/ratgeber\/terminsgebuehr\/#breadcrumb"},"inLanguage":"de","potentialAction":[{"@type":"ReadAction","target":["https:\/\/www.terminsvertreter.com\/ratgeber\/terminsgebuehr\/"]}]},{"@type":"ImageObject","inLanguage":"de","@id":"https:\/\/www.terminsvertreter.com\/ratgeber\/terminsgebuehr\/#primaryimage","url":"https:\/\/www.terminsvertreter.com\/ratgeber\/wp-content\/uploads\/terminsgebuehr.jpg","contentUrl":"https:\/\/www.terminsvertreter.com\/ratgeber\/wp-content\/uploads\/terminsgebuehr.jpg","width":1688,"height":739,"caption":"Was ist eine Terminsgeb\u00fchr?"},{"@type":"BreadcrumbList","@id":"https:\/\/www.terminsvertreter.com\/ratgeber\/terminsgebuehr\/#breadcrumb","itemListElement":[{"@type":"ListItem","position":1,"name":"Home","item":"https:\/\/www.terminsvertreter.com\/ratgeber\/"},{"@type":"ListItem","position":2,"name":"Terminsgeb\u00fchr: Wof\u00fcr f\u00e4llt sie an?"}]},{"@type":"WebSite","@id":"https:\/\/www.terminsvertreter.com\/ratgeber\/#website","url":"https:\/\/www.terminsvertreter.com\/ratgeber\/","name":"Terminsvertreter-Blog","description":"News und Ratgeber","publisher":{"@id":"https:\/\/www.terminsvertreter.com\/ratgeber\/#organization"},"potentialAction":[{"@type":"SearchAction","target":{"@type":"EntryPoint","urlTemplate":"https:\/\/www.terminsvertreter.com\/ratgeber\/?s={search_term_string}"},"query-input":{"@type":"PropertyValueSpecification","valueRequired":true,"valueName":"search_term_string"}}],"inLanguage":"de"},{"@type":"Organization","@id":"https:\/\/www.terminsvertreter.com\/ratgeber\/#organization","name":"Terminsvertreter-Blog","url":"https:\/\/www.terminsvertreter.com\/ratgeber\/","logo":{"@type":"ImageObject","inLanguage":"de","@id":"https:\/\/www.terminsvertreter.com\/ratgeber\/#\/schema\/logo\/image\/","url":"https:\/\/www.terminsvertreter.com\/ratgeber\/wp-content\/uploads\/terminsvertreter-logo.webp","contentUrl":"https:\/\/www.terminsvertreter.com\/ratgeber\/wp-content\/uploads\/terminsvertreter-logo.webp","width":400,"height":64,"caption":"Terminsvertreter-Blog"},"image":{"@id":"https:\/\/www.terminsvertreter.com\/ratgeber\/#\/schema\/logo\/image\/"},"sameAs":["https:\/\/www.facebook.com\/people\/Terminsvertreter\/100079926887729\/","https:\/\/x.com\/terminvertreter"]},{"@type":"Person","@id":"https:\/\/www.terminsvertreter.com\/ratgeber\/#\/schema\/person\/2f5fb45af0c226c494243a02534434d6","name":"Dr. Philipp Hammerich","image":{"@type":"ImageObject","inLanguage":"de","@id":"https:\/\/www.terminsvertreter.com\/ratgeber\/wp-content\/uploads\/philipp-hammerich-ra-96x96.png","url":"https:\/\/www.terminsvertreter.com\/ratgeber\/wp-content\/uploads\/philipp-hammerich-ra-96x96.png","contentUrl":"https:\/\/www.terminsvertreter.com\/ratgeber\/wp-content\/uploads\/philipp-hammerich-ra-96x96.png","caption":"Dr. Philipp Hammerich"},"description":"Dr. Philipp Hammerich beendete sein Jura-Studium in Hamburg und promovierte im Anschluss bei Prof. Dr. Hoffmann-Riem, der zu jener Zeit Richter am Bundesverfassungsgericht war. Das Referendariat absolvierte Dr. Philipp Hammerich am OLG Hamburg. Seit 2007 ist er in Deutschland als Rechtsanwalt zugelassen.","sameAs":["https:\/\/x.com\/gitte.hartung@legal.one"],"url":"https:\/\/www.terminsvertreter.com\/ratgeber\/author\/phammerich\/"}]}},"_links":{"self":[{"href":"https:\/\/www.terminsvertreter.com\/ratgeber\/wp-json\/wp\/v2\/pages\/41","targetHints":{"allow":["GET"]}}],"collection":[{"href":"https:\/\/www.terminsvertreter.com\/ratgeber\/wp-json\/wp\/v2\/pages"}],"about":[{"href":"https:\/\/www.terminsvertreter.com\/ratgeber\/wp-json\/wp\/v2\/types\/page"}],"author":[{"embeddable":true,"href":"https:\/\/www.terminsvertreter.com\/ratgeber\/wp-json\/wp\/v2\/users\/23"}],"replies":[{"embeddable":true,"href":"https:\/\/www.terminsvertreter.com\/ratgeber\/wp-json\/wp\/v2\/comments?post=41"}],"version-history":[{"count":29,"href":"https:\/\/www.terminsvertreter.com\/ratgeber\/wp-json\/wp\/v2\/pages\/41\/revisions"}],"predecessor-version":[{"id":163,"href":"https:\/\/www.terminsvertreter.com\/ratgeber\/wp-json\/wp\/v2\/pages\/41\/revisions\/163"}],"wp:featuredmedia":[{"embeddable":true,"href":"https:\/\/www.terminsvertreter.com\/ratgeber\/wp-json\/wp\/v2\/media\/48"}],"wp:attachment":[{"href":"https:\/\/www.terminsvertreter.com\/ratgeber\/wp-json\/wp\/v2\/media?parent=41"}],"curies":[{"name":"wp","href":"https:\/\/api.w.org\/{rel}","templated":true}]}}